{"id":6519,"date":"2015-10-28T20:57:53","date_gmt":"2015-10-28T19:57:53","guid":{"rendered":"https:\/\/www.smg-amenagement.fr\/2015\/?page_id=6519"},"modified":"2021-07-07T17:41:24","modified_gmt":"2021-07-07T16:41:24","slug":"amenagement-interieur","status":"publish","type":"page","link":"https:\/\/www.smg-amenagement.fr\/2015\/amenagement-interieur\/","title":{"rendered":"Am\u00e9nagement int\u00e9rieur"},"content":{"rendered":"<p>[vc_row heading_color=\u00a0\u00bblight\u00a0\u00bb section_type=\u00a0\u00bbfullwidth-element\u00a0\u00bb bg_type=\u00a0\u00bbcolor\u00a0\u00bb header_feature=\u00a0\u00bbyes\u00a0\u00bb flex_height=\u00a0\u00bbyes\u00a0\u00bb font_color=\u00a0\u00bb#b8b8b8&Prime; bg_color=\u00a0\u00bb#141414&Prime; margin_bottom=\u00a0\u00bb0&Prime;][vc_column width=\u00a0\u00bb1\/2&Prime; tablet_width=\u00a0\u00bb1-2&Prime; tablet_sm_width=\u00a0\u00bb1&Prime; css=\u00a0\u00bb.vc_custom_1447785662653{padding-top: 160px !important;padding-right: 8% !important;padding-bottom: 8% !important;padding-left: 8% !important;}\u00a0\u00bb]<div class=\"eut-element eut-image eut-animated-item eut-fadeInUp eut-align-center\" style=\"margin-bottom: 40px;\" data-delay=\"200\"><img width=\"108\" height=\"108\" src=\"https:\/\/www.smg-amenagement.fr\/2015\/wp-content\/uploads\/2015\/07\/icon-amenagement-interieur.png\" class=\"attachment-full size-full\" alt=\"Am\u00e9nagement d\u2019int\u00e9rieur, combles, cloisons, plafonds\" srcset=\"https:\/\/www.smg-amenagement.fr\/2015\/wp-content\/uploads\/2015\/07\/icon-amenagement-interieur.png 1x,https:\/\/www.smg-amenagement.fr\/2015\/wp-content\/uploads\/2015\/07\/icon-amenagement-interieur@2x.png 2x\" \/><\/div><div class=\"eut-element eut-slogan eut-align-center\" style=\"\"><h3 class=\"eut-slogan-title eut-align-center eut-title-no-line\"><span>Am\u00e9nager <small>et isoler son espace.<\/small><\/span><\/h3>  <p class=\"eut-leader-text\">Dans une maison, la partie comble ou grenier est bien souvent un espace sous-utilis\u00e9, voire oubli\u00e9. L&rsquo;am\u00e9nagement int\u00e9rieur de combles perdus permet d&rsquo;am\u00e9liorer le confort de vie g\u00e9n\u00e9ral de votre habitation.<\/p><\/div>[\/vc_column][vc_column width=\u00a0\u00bb1\/2&Prime; tablet_width=\u00a0\u00bb1-2&Prime; tablet_sm_width=\u00a0\u00bbhide\u00a0\u00bb mobile_width=\u00a0\u00bbhide\u00a0\u00bb css=\u00a0\u00bb.vc_custom_1447855082074{padding-top: 8% !important;padding-right: 8% !important;padding-bottom: 8% !important;padding-left: 8% !important;background-image: url(https:\/\/www.smg-amenagement.fr\/2015\/wp-content\/uploads\/2015\/11\/nav_nos-metiers_amenagement_block-bg-1.jpg?id=6844) !important;background-position: center !important;background-repeat: no-repeat !important;background-size: cover !important;}\u00a0\u00bb][\/vc_column][\/vc_row][vc_row padding_top=\u00a0\u00bb100px\u00a0\u00bb padding_bottom=\u00a0\u00bb40px\u00a0\u00bb][vc_column width=\u00a0\u00bb1\/2&Prime; tablet_sm_width=\u00a0\u00bb1&Prime;]<h3 class=\"eut-element eut-align-left eut-title-line\" style=\"\"><span>L'am\u00e9nagement de combles<\/span><\/h3>[vc_column_text text_style=\u00a0\u00bbleader-text\u00a0\u00bb]Que cet espace soit utilis\u00e9 ou non, il est essentiel que l\u2019isolation soit performante, afin de r\u00e9duire au maximum les d\u00e9perditions \u00e9nerg\u00e9tiques.[\/vc_column_text][vc_row_inner css=\u00a0\u00bb.vc_custom_1447856898214{padding-bottom: 40px !important;}\u00a0\u00bb][vc_column_inner width=\u00a0\u00bb1\/4&Prime;]<div class=\"eut-element eut-image eut-align-center\" style=\"\"><img width=\"118\" height=\"174\" src=\"https:\/\/www.smg-amenagement.fr\/2015\/wp-content\/uploads\/2015\/10\/logo-fee.png\" class=\"attachment-full size-full\" alt=\"Responsable en r\u00e9novation \u00e9nerg\u00e9tique de logements\" srcset=\"https:\/\/www.smg-amenagement.fr\/2015\/wp-content\/uploads\/2015\/10\/logo-fee.png 1x,https:\/\/www.smg-amenagement.fr\/2015\/wp-content\/uploads\/2015\/10\/logo-fee@2x.png 2x\" \/><\/div>[\/vc_column_inner][vc_column_inner width=\u00a0\u00bb3\/4&Prime; css=\u00a0\u00bb.vc_custom_1447856917437{padding-top: 20px !important;}\u00a0\u00bb][vc_column_text]G\u00e9n\u00e9ralement peu isol\u00e9, nous vous proposons une prestation <strong>responsable en r\u00e9novation \u00e9nerg\u00e9tique de logements<\/strong>. Nous avons obtenu la formation <a href=\"http:\/\/batiment.feebat.org\/index.html\">FEE Bat RENOVE<\/a>, reconnue RGE afin d\u2019acc\u00e9der aux <a href=\"http:\/\/www.renovation-info-service.gouv.fr\/mes-aides-financieres\">aides financi\u00e8res mis en place par l\u2019\u00e9tat<\/a>.[\/vc_column_text][\/vc_column_inner][\/vc_row_inner][vc_column_text]<\/p>\n<h6>Nous effectuons si n\u00e9cessaire les travaux cit\u00e9s ci-dessous :<\/h6>\n<ul>\n<li>transformation de charpente, afin de d\u00e9gager le volume souhait\u00e9<\/li>\n<li>pose de fen\u00eatres de toit<\/li>\n<li>cr\u00e9ation de lucarne<\/li>\n<\/ul>\n<p>[\/vc_column_text][vc_column_text]Nous sommes sp\u00e9cialis\u00e9s dans l&rsquo;utilisation du <a href=\"https:\/\/fr.wikipedia.org\/wiki\/Pl%C3%A2tre\">pl\u00e2tre<\/a>, le <a href=\"https:\/\/fr.wikipedia.org\/w\/index.php?title=Briquetage&amp;action=edit&amp;redlink=1\">briquetage<\/a>, l&rsquo;<a href=\"https:\/\/fr.wikipedia.org\/wiki\/Enduit_(b%C3%A2timent)\">enduit<\/a>, la pose des plafonds suspendus ou les cloisons s\u00e8ches en plaque de pl\u00e2tre.\u00a0Nous \u00e9tudierons ensemble le choix des mat\u00e9riaux qui seront les plus appropri\u00e9s \u00e0 la configuration en place.[\/vc_column_text][\/vc_column][vc_column width=\u00a0\u00bb1\/2&Prime; tablet_sm_width=\u00a0\u00bb1&Prime; css=\u00a0\u00bb.vc_custom_1447856275954{padding-left: 3% !important;}\u00a0\u00bb]<div class=\"eut-element eut-gallery eut-isotope eut-gallery-popup eut-with-gap\" style=\"\" data-columns=\"2\" data-columns-tablet-landscape=\"2\" data-columns-tablet-portrait=\"2\" data-columns-mobile=\"1\" data-layout=\"masonry\">  <div class=\"eut-isotope-container\"><div class=\"eut-isotope-item  eut-image-square\"><a href=\"https:\/\/www.smg-amenagement.fr\/2015\/wp-content\/uploads\/2016\/01\/nav_nos-realisations_amenagement-002.jpg\">    <figure class=\"eut-image-hover eut-zoom-in\">      <div class=\"eut-media eut-dark-overlay eut-opacity-70\"><img width=\"600\" height=\"600\" src=\"https:\/\/www.smg-amenagement.fr\/2015\/wp-content\/uploads\/2016\/01\/nav_nos-realisations_amenagement-002-600x600.jpg\" class=\"attachment-eut-image-small-square size-eut-image-small-square\" alt=\"Am\u00e9nagement int\u00e9rieur : plafond pour \u00e9clairage indirect\" srcset=\"https:\/\/www.smg-amenagement.fr\/2015\/wp-content\/uploads\/2016\/01\/nav_nos-realisations_amenagement-002-600x600.jpg 600w, https:\/\/www.smg-amenagement.fr\/2015\/wp-content\/uploads\/2016\/01\/nav_nos-realisations_amenagement-002-150x150.jpg 150w\" sizes=\"(max-width: 600px) 100vw, 600px\" \/>      <\/div>      <figcaption><h5 class=\"eut-title eut-dark\">Plafond \u00e9clairage indirect<\/h5>      <\/figcaption>    <\/figure><\/a><\/div><div class=\"eut-isotope-item  eut-image-portrait\"><a href=\"https:\/\/www.smg-amenagement.fr\/2015\/wp-content\/uploads\/2016\/01\/nav_nos-realisations_amenagement-001.jpg\">    <figure class=\"eut-image-hover eut-zoom-in\">      <div class=\"eut-media eut-dark-overlay eut-opacity-70\"><img width=\"560\" height=\"768\" src=\"https:\/\/www.smg-amenagement.fr\/2015\/wp-content\/uploads\/2016\/01\/nav_nos-realisations_amenagement-001-560x768.jpg\" class=\"attachment-eut-image-medium-rect-vertical size-eut-image-medium-rect-vertical\" alt=\"Am\u00e9nagement int\u00e9rieur de cabane dans les arbres\" \/>      <\/div>      <figcaption><h5 class=\"eut-title eut-dark\">Am\u00e9nagement int\u00e9rieur<\/h5>      <\/figcaption>    <\/figure><\/a><\/div><div class=\"eut-isotope-item  eut-image-square\"><a href=\"https:\/\/www.smg-amenagement.fr\/2015\/wp-content\/uploads\/2016\/01\/nav_nos-realisations_amenagement-003.jpg\">    <figure class=\"eut-image-hover eut-zoom-in\">      <div class=\"eut-media eut-dark-overlay eut-opacity-70\"><img width=\"600\" height=\"600\" src=\"https:\/\/www.smg-amenagement.fr\/2015\/wp-content\/uploads\/2016\/01\/nav_nos-realisations_amenagement-003-600x600.jpg\" class=\"attachment-eut-image-small-square size-eut-image-small-square\" alt=\"Am\u00e9nagement int\u00e9rieur : plafond pour \u00e9clairage indirect\" srcset=\"https:\/\/www.smg-amenagement.fr\/2015\/wp-content\/uploads\/2016\/01\/nav_nos-realisations_amenagement-003-600x600.jpg 600w, https:\/\/www.smg-amenagement.fr\/2015\/wp-content\/uploads\/2016\/01\/nav_nos-realisations_amenagement-003-150x150.jpg 150w\" sizes=\"(max-width: 600px) 100vw, 600px\" \/>      <\/div>      <figcaption><h5 class=\"eut-title eut-dark\">Plafond \u00e9clairage indirect<\/h5>      <\/figcaption>    <\/figure><\/a><\/div>  <\/div><\/div>[\/vc_column][\/vc_row][vc_row padding_bottom=\u00a0\u00bb40px\u00a0\u00bb][vc_column]<div class=\"eut-element eut-hr \" style=\"\"><div class=\"eut-line-divider\"><\/div><\/div>[vc_row_inner][vc_column_inner width=\u00a0\u00bb1\/4&Prime;][\/vc_column_inner][vc_column_inner width=\u00a0\u00bb1\/2&Prime; css=\u00a0\u00bb.vc_custom_1447786716302{padding-top: 20px !important;padding-bottom: 60px !important;}\u00a0\u00bb]<div class=\"eut-element eut-box-icon eut-align-center eut-medium\" style=\"\">  <div class=\"eut-wrapper-icon eut-no-shape eut-color-grey\"><i class=\"fa fa-pencil eut-color-primary-1\"><\/i><\/div>  <div class=\"eut-box-content\">    <p class=\"eut-leader-text\">SMG am\u00e9nagement con\u00e7oit votre projet avec vous pour une r\u00e9alisation \u00e0 la hauteur de vos attentes.<\/p>  <\/div><\/div><div class=\"eut-element eut-align-center eut-animated-item eut-fadeInUp\" data-delay=\"200\"><a class=\"eut-btn eut-btn-large eut-extra-round eut-black-color\" href=\"http:\/\/www.smg-amenagement.fr\/2015\/amenagement-interieur-et-exterieur\/\" target=\"_self\" style=\"\"><span>D\u00e9couvrez nos r\u00e9alisations<\/span><\/a><\/div>[\/vc_column_inner][vc_column_inner width=\u00a0\u00bb1\/4&Prime;][\/vc_column_inner][\/vc_row_inner][\/vc_column][\/vc_row][vc_row bg_type=\u00a0\u00bbcolor\u00a0\u00bb bg_color=\u00a0\u00bb#ee813c\u00a0\u00bb padding_top=\u00a0\u00bb60px\u00a0\u00bb padding_bottom=\u00a0\u00bb60px\u00a0\u00bb][vc_column width=\u00a0\u00bb2\/3&Prime;][vc_column_text text_style=\u00a0\u00bbleader-text\u00a0\u00bb]<\/p>\n<h4 style=\"color: #ffffff;\">Une id\u00e9e, un projet ?<\/h4>\n<p><span style=\"color: #000;\">Vous souhaitez plus d&rsquo;information\u00a0sur l&rsquo;am\u00e9nagement int\u00e9rieur de combles, la pose de plafond suspendu ou de cloisons ?<\/span>[\/vc_column_text][\/vc_column][vc_column width=\u00a0\u00bb1\/3&Prime;][vc_empty_space height=\u00a0\u00bb20px\u00a0\u00bb]<div class=\"eut-element eut-align-center eut-animated-item eut-fadeInLeft\" data-delay=\"200\"><a class=\"eut-btn eut-btn-large eut-extra-round eut-white-color\" href=\"http:\/\/www.smg-amenagement.fr\/2015\/amenagement-interieur-specifique\/\" target=\"_self\" style=\"\"><span>Contactez-nous<\/span><\/a><\/div>[\/vc_column][\/vc_row]<\/p>\n","protected":false},"excerpt":{"rendered":"<p>[vc_row heading_color=\u00a0\u00bblight\u00a0\u00bb section_type=\u00a0\u00bbfullwidth-element\u00a0\u00bb bg_type=\u00a0\u00bbcolor\u00a0\u00bb header_feature=\u00a0\u00bbyes\u00a0\u00bb flex_height=\u00a0\u00bbyes\u00a0\u00bb font_color=\u00a0\u00bb#b8b8b8&Prime; bg_color=\u00a0\u00bb#141414&Prime; margin_bottom=\u00a0\u00bb0&Prime;][vc_column width=\u00a0\u00bb1\/2&Prime; tablet_width=\u00a0\u00bb1-2&Prime; tablet_sm_width=\u00a0\u00bb1&Prime; css=\u00a0\u00bb.vc_custom_1447785662653{padding-top: 160px !important;padding-right: 8% !important;padding-bottom: 8% !important;padding-left: 8% !important;}\u00a0\u00bb][\/vc_column][vc_column width=\u00a0\u00bb1\/2&Prime; tablet_width=\u00a0\u00bb1-2&Prime; tablet_sm_width=\u00a0\u00bbhide\u00a0\u00bb mobile_width=\u00a0\u00bbhide\u00a0\u00bb css=\u00a0\u00bb.vc_custom_1447855082074{padding-top: 8% !important;padding-right: 8% !important;padding-bottom: 8% !important;padding-left: 8% !important;background-image: url(https:\/\/www.smg-amenagement.fr\/2015\/wp-content\/uploads\/2015\/11\/nav_nos-metiers_amenagement_block-bg-1.jpg?id=6844) !important;background-position: center !important;background-repeat: no-repeat !important;background-size: cover !important;}\u00a0\u00bb][\/vc_column][\/vc_row][vc_row padding_top=\u00a0\u00bb100px\u00a0\u00bb padding_bottom=\u00a0\u00bb40px\u00a0\u00bb][vc_column width=\u00a0\u00bb1\/2&Prime; tablet_sm_width=\u00a0\u00bb1&Prime;][vc_column_text text_style=\u00a0\u00bbleader-text\u00a0\u00bb]Que cet espace soit utilis\u00e9 ou non, il est [&hellip;]<\/p>\n","protected":false},"author":2,"featured_media":0,"parent":0,"menu_order":0,"comment_status":"closed","ping_status":"closed","template":"","meta":[],"yoast_head":"<!-- This site is optimized with the Yoast SEO plugin v17.1 - https:\/\/yoast.com\/wordpress\/plugins\/seo\/ -->\n<title>L&#039;am\u00e9nagement int\u00e9rieur par SMG Am\u00e9nagement Sp\u00e9cifique (Alsace)<\/title>\n<meta name=\"description\" content=\"L&#039;entreprise SMG Am\u00e9nagement int\u00e9rieur sp\u00e9cifique (Alsace) assure l&#039;am\u00e9nagement de combles, espace souvent inutilis\u00e9 et mal isol\u00e9...\" \/>\n<meta name=\"robots\" content=\"index, follow, max-snippet:-1, max-image-preview:large, max-video-preview:-1\" \/>\n<link rel=\"canonical\" href=\"https:\/\/www.smg-amenagement.fr\/2015\/amenagement-interieur\/\" \/>\n<meta property=\"og:locale\" content=\"fr_FR\" \/>\n<meta property=\"og:type\" content=\"article\" \/>\n<meta property=\"og:title\" content=\"L&#039;am\u00e9nagement int\u00e9rieur par SMG Am\u00e9nagement Sp\u00e9cifique (Alsace)\" \/>\n<meta property=\"og:description\" content=\"L&#039;entreprise SMG Am\u00e9nagement int\u00e9rieur sp\u00e9cifique (Alsace) assure l&#039;am\u00e9nagement de combles, espace souvent inutilis\u00e9 et mal isol\u00e9...\" \/>\n<meta property=\"og:url\" content=\"https:\/\/www.smg-amenagement.fr\/2015\/amenagement-interieur\/\" \/>\n<meta property=\"og:site_name\" content=\"SMG Am\u00e9nagement sp\u00e9cifique\" \/>\n<meta property=\"article:publisher\" content=\"https:\/\/www.facebook.com\/smgamenagement.fr\/\" \/>\n<meta property=\"article:modified_time\" content=\"2021-07-07T16:41:24+00:00\" \/>\n<meta name=\"twitter:card\" content=\"summary\" \/>\n<meta name=\"twitter:label1\" content=\"Dur\u00e9e de lecture est.\" \/>\n\t<meta name=\"twitter:data1\" content=\"3 minutes\" \/>\n<script type=\"application\/ld+json\" class=\"yoast-schema-graph\">{\"@context\":\"https:\/\/schema.org\",\"@graph\":[{\"@type\":\"WebSite\",\"@id\":\"https:\/\/www.smg-amenagement.fr\/2015\/#website\",\"url\":\"https:\/\/www.smg-amenagement.fr\/2015\/\",\"name\":\"SMG Am\\u00e9nagement sp\\u00e9cifique\",\"description\":\"\",\"potentialAction\":[{\"@type\":\"SearchAction\",\"target\":{\"@type\":\"EntryPoint\",\"urlTemplate\":\"https:\/\/www.smg-amenagement.fr\/2015\/?s={search_term_string}\"},\"query-input\":\"required name=search_term_string\"}],\"inLanguage\":\"fr-FR\"},{\"@type\":\"WebPage\",\"@id\":\"https:\/\/www.smg-amenagement.fr\/2015\/amenagement-interieur\/#webpage\",\"url\":\"https:\/\/www.smg-amenagement.fr\/2015\/amenagement-interieur\/\",\"name\":\"L'am\\u00e9nagement int\\u00e9rieur par SMG Am\\u00e9nagement Sp\\u00e9cifique (Alsace)\",\"isPartOf\":{\"@id\":\"https:\/\/www.smg-amenagement.fr\/2015\/#website\"},\"datePublished\":\"2015-10-28T19:57:53+00:00\",\"dateModified\":\"2021-07-07T16:41:24+00:00\",\"description\":\"L'entreprise SMG Am\\u00e9nagement int\\u00e9rieur sp\\u00e9cifique (Alsace) assure l'am\\u00e9nagement de combles, espace souvent inutilis\\u00e9 et mal isol\\u00e9...\",\"breadcrumb\":{\"@id\":\"https:\/\/www.smg-amenagement.fr\/2015\/amenagement-interieur\/#breadcrumb\"},\"inLanguage\":\"fr-FR\",\"potentialAction\":[{\"@type\":\"ReadAction\",\"target\":[\"https:\/\/www.smg-amenagement.fr\/2015\/amenagement-interieur\/\"]}]},{\"@type\":\"BreadcrumbList\",\"@id\":\"https:\/\/www.smg-amenagement.fr\/2015\/amenagement-interieur\/#breadcrumb\",\"itemListElement\":[{\"@type\":\"ListItem\",\"position\":1,\"name\":\"Am\\u00e9nagement int\\u00e9rieur\"}]}]}<\/script>\n<!-- \/ Yoast SEO plugin. -->","yoast_head_json":{"title":"L'am\u00e9nagement int\u00e9rieur par SMG Am\u00e9nagement Sp\u00e9cifique (Alsace)","description":"L'entreprise SMG Am\u00e9nagement int\u00e9rieur sp\u00e9cifique (Alsace) assure l'am\u00e9nagement de combles, espace souvent inutilis\u00e9 et mal isol\u00e9...","robots":{"index":"index","follow":"follow","max-snippet":"max-snippet:-1","max-image-preview":"max-image-preview:large","max-video-preview":"max-video-preview:-1"},"canonical":"https:\/\/www.smg-amenagement.fr\/2015\/amenagement-interieur\/","og_locale":"fr_FR","og_type":"article","og_title":"L'am\u00e9nagement int\u00e9rieur par SMG Am\u00e9nagement Sp\u00e9cifique (Alsace)","og_description":"L'entreprise SMG Am\u00e9nagement int\u00e9rieur sp\u00e9cifique (Alsace) assure l'am\u00e9nagement de combles, espace souvent inutilis\u00e9 et mal isol\u00e9...","og_url":"https:\/\/www.smg-amenagement.fr\/2015\/amenagement-interieur\/","og_site_name":"SMG Am\u00e9nagement sp\u00e9cifique","article_publisher":"https:\/\/www.facebook.com\/smgamenagement.fr\/","article_modified_time":"2021-07-07T16:41:24+00:00","twitter_card":"summary","twitter_misc":{"Dur\u00e9e de lecture est.":"3 minutes"},"schema":{"@context":"https:\/\/schema.org","@graph":[{"@type":"WebSite","@id":"https:\/\/www.smg-amenagement.fr\/2015\/#website","url":"https:\/\/www.smg-amenagement.fr\/2015\/","name":"SMG Am\u00e9nagement sp\u00e9cifique","description":"","potentialAction":[{"@type":"SearchAction","target":{"@type":"EntryPoint","urlTemplate":"https:\/\/www.smg-amenagement.fr\/2015\/?s={search_term_string}"},"query-input":"required name=search_term_string"}],"inLanguage":"fr-FR"},{"@type":"WebPage","@id":"https:\/\/www.smg-amenagement.fr\/2015\/amenagement-interieur\/#webpage","url":"https:\/\/www.smg-amenagement.fr\/2015\/amenagement-interieur\/","name":"L'am\u00e9nagement int\u00e9rieur par SMG Am\u00e9nagement Sp\u00e9cifique (Alsace)","isPartOf":{"@id":"https:\/\/www.smg-amenagement.fr\/2015\/#website"},"datePublished":"2015-10-28T19:57:53+00:00","dateModified":"2021-07-07T16:41:24+00:00","description":"L'entreprise SMG Am\u00e9nagement int\u00e9rieur sp\u00e9cifique (Alsace) assure l'am\u00e9nagement de combles, espace souvent inutilis\u00e9 et mal isol\u00e9...","breadcrumb":{"@id":"https:\/\/www.smg-amenagement.fr\/2015\/amenagement-interieur\/#breadcrumb"},"inLanguage":"fr-FR","potentialAction":[{"@type":"ReadAction","target":["https:\/\/www.smg-amenagement.fr\/2015\/amenagement-interieur\/"]}]},{"@type":"BreadcrumbList","@id":"https:\/\/www.smg-amenagement.fr\/2015\/amenagement-interieur\/#breadcrumb","itemListElement":[{"@type":"ListItem","position":1,"name":"Am\u00e9nagement int\u00e9rieur"}]}]}},"_links":{"self":[{"href":"https:\/\/www.smg-amenagement.fr\/2015\/wp-json\/wp\/v2\/pages\/6519"}],"collection":[{"href":"https:\/\/www.smg-amenagement.fr\/2015\/wp-json\/wp\/v2\/pages"}],"about":[{"href":"https:\/\/www.smg-amenagement.fr\/2015\/wp-json\/wp\/v2\/types\/page"}],"author":[{"embeddable":true,"href":"https:\/\/www.smg-amenagement.fr\/2015\/wp-json\/wp\/v2\/users\/2"}],"replies":[{"embeddable":true,"href":"https:\/\/www.smg-amenagement.fr\/2015\/wp-json\/wp\/v2\/comments?post=6519"}],"version-history":[{"count":0,"href":"https:\/\/www.smg-amenagement.fr\/2015\/wp-json\/wp\/v2\/pages\/6519\/revisions"}],"wp:attachment":[{"href":"https:\/\/www.smg-amenagement.fr\/2015\/wp-json\/wp\/v2\/media?parent=6519"}],"curies":[{"name":"wp","href":"https:\/\/api.w.org\/{rel}","templated":true}]}}