{"id":6517,"date":"2015-10-28T20:56:34","date_gmt":"2015-10-28T19:56:34","guid":{"rendered":"https:\/\/www.smg-amenagement.fr\/2015\/?page_id=6517"},"modified":"2021-09-03T07:53:12","modified_gmt":"2021-09-03T06:53:12","slug":"construction-de-terrasse-bois","status":"publish","type":"page","link":"https:\/\/www.smg-amenagement.fr\/2015\/construction-de-terrasse-bois\/","title":{"rendered":"Terrasses bois \/ couvertes, pontons &#038; passerelles"},"content":{"rendered":"<p>[vc_row heading_color=\u00a0\u00bblight\u00a0\u00bb section_type=\u00a0\u00bbfullwidth-element\u00a0\u00bb bg_type=\u00a0\u00bbcolor\u00a0\u00bb header_feature=\u00a0\u00bbyes\u00a0\u00bb flex_height=\u00a0\u00bbyes\u00a0\u00bb font_color=\u00a0\u00bb#b8b8b8&Prime; bg_color=\u00a0\u00bb#141414&Prime; margin_bottom=\u00a0\u00bb0&Prime;][vc_column width=\u00a0\u00bb1\/2&Prime; tablet_width=\u00a0\u00bb1-2&Prime; tablet_sm_width=\u00a0\u00bb1&Prime; css=\u00a0\u00bb.vc_custom_1447785662653{padding-top: 160px !important;padding-right: 8% !important;padding-bottom: 8% !important;padding-left: 8% !important;}\u00a0\u00bb]<div class=\"eut-element eut-image eut-animated-item eut-fadeInUp eut-align-center\" style=\"margin-bottom: 40px;\" data-delay=\"200\"><img width=\"108\" height=\"108\" src=\"https:\/\/www.smg-amenagement.fr\/2015\/wp-content\/uploads\/2015\/07\/icon-terrasses-bois.png\" class=\"attachment-full size-full\" alt=\"Terrasses bois, terrasses couvertes\" srcset=\"https:\/\/www.smg-amenagement.fr\/2015\/wp-content\/uploads\/2015\/07\/icon-terrasses-bois.png 1x,https:\/\/www.smg-amenagement.fr\/2015\/wp-content\/uploads\/2015\/07\/icon-terrasses-bois@2x.png 2x\" \/><\/div><div class=\"eut-element eut-slogan eut-align-center\" style=\"\"><h3 class=\"eut-slogan-title eut-align-center eut-title-no-line\"><span>La durabilit\u00e9 <small>Allier naturel, technologie et int\u00e9gration paysag\u00e8re<\/small><\/span><\/h3>  <p class=\"eut-leader-text\">La construction de terrasse bois, d&rsquo;une terrasse couverte, d&rsquo;un ponton ou d&rsquo;une passerelle n\u00e9cessitent une expertise technique r\u00e9elle et un savoir-faire m\u00ealant approche paysag\u00e8re et environnementale.<\/p><\/div>[\/vc_column][vc_column width=\u00a0\u00bb1\/2&Prime; tablet_width=\u00a0\u00bb1-2&Prime; tablet_sm_width=\u00a0\u00bbhide\u00a0\u00bb mobile_width=\u00a0\u00bbhide\u00a0\u00bb css=\u00a0\u00bb.vc_custom_1447789317408{padding-top: 8% !important;padding-right: 8% !important;padding-bottom: 8% !important;padding-left: 8% !important;background-image: url(https:\/\/www.smg-amenagement.fr\/2015\/wp-content\/uploads\/2015\/10\/nav_nos-metiers_terrasses_block-bg-1.jpg?id=6777) !important;background-position: center !important;background-repeat: no-repeat !important;background-size: cover !important;}\u00a0\u00bb][\/vc_column][\/vc_row][vc_row padding_top=\u00a0\u00bb100px\u00a0\u00bb][vc_column width=\u00a0\u00bb1\/6&Prime;][\/vc_column][vc_column width=\u00a0\u00bb2\/3&Prime;][vc_column_text text_style=\u00a0\u00bbleader-text\u00a0\u00bb]<\/p>\n<p style=\"text-align: center;\">La construction de terrasse bois\u00a0est\u00a0fond\u00e9e sur trois facteurs que nous jugeons d\u00e9terminants :<\/p>\n<p>[\/vc_column_text]<div class=\"eut-element eut-hr \" style=\"padding-top: 20px;\"><div class=\"eut-line-divider\"><\/div><\/div>[\/vc_column][vc_column width=\u00a0\u00bb1\/6&Prime;][\/vc_column][\/vc_row][vc_row padding_bottom=\u00a0\u00bb100px\u00a0\u00bb padding_top=\u00a0\u00bb80px\u00a0\u00bb][vc_column width=\u00a0\u00bb1\/3&Prime; css=\u00a0\u00bb.vc_custom_1447842149194{padding-right: 3% !important;padding-left: 3% !important;}\u00a0\u00bb]<div class=\"eut-element eut-box-icon eut-align-center eut-large eut-animated-item eut-fadeInUp eut-with-shape\" style=\"\" data-delay=\"200\">  <div class=\"eut-wrapper-icon eut-simple eut-circle eut-bg-primary-1\"><i class=\"fa fa-tree eut-color-white\"><\/i><\/div>  <div class=\"eut-box-content\">      <h5 class=\"eut-box-title\">Les rev\u00eatements<\/h5>    <p class=\"\">Le choix de la famille de bois est essentiel. En fonction de votre utilisation et aussi de vos exigences esth\u00e9tiques au fil des saisons. Afin d\u2019obtenir du bois le rendu souhait\u00e9, il y a lieu de tenir compte de ces origines, de sa nature, de sa structure biologique, tr\u00e8s diff\u00e9rentes d\u2019une essence \u00e0 l\u2019autre.<\/p>  <\/div><\/div>[\/vc_column][vc_column width=\u00a0\u00bb1\/3&Prime; css=\u00a0\u00bb.vc_custom_1447842132140{padding-right: 3% !important;padding-left: 3% !important;}\u00a0\u00bb]<div class=\"eut-element eut-box-icon eut-align-center eut-large eut-animated-item eut-fadeInUp eut-with-shape\" style=\"\" data-delay=\"200\">  <div class=\"eut-wrapper-icon eut-simple eut-circle eut-bg-primary-1\"><i class=\"fa fa-cube eut-color-white\"><\/i><\/div>  <div class=\"eut-box-content\">      <h5 class=\"eut-box-title\">La structure<\/h5>    <p class=\"\">L\u2019essence du bois utilis\u00e9e pour la structure sera quant \u00e0 elle d\u00e9finie par nos soins, en fonction de votre choix de rev\u00eatement. Elle d\u00e9terminera \u00e9galement la fixation appropri\u00e9e aux diff\u00e9rentes combinaisons de mat\u00e9riaux et de densit\u00e9s employ\u00e9es.<\/p>  <\/div><\/div>[\/vc_column][vc_column width=\u00a0\u00bb1\/3&Prime; css=\u00a0\u00bb.vc_custom_1447842140128{padding-right: 3% !important;padding-left: 3% !important;}\u00a0\u00bb]<div class=\"eut-element eut-box-icon eut-align-center eut-large eut-animated-item eut-fadeInUp eut-with-shape\" style=\"\" data-delay=\"200\">  <div class=\"eut-wrapper-icon eut-simple eut-circle eut-bg-primary-1\"><i class=\"fa fa-sun-o eut-color-white\"><\/i><\/div>  <div class=\"eut-box-content\">      <h5 class=\"eut-box-title\">L\u2019entretien<\/h5>    <p class=\"\">Les rayons du soleil ont une incidence sur la couleur du bois : les r\u00e9sineux auront tendance \u00e0 verdir, le ch\u00eane et le ch\u00e2taignier grisaillent avec beaucoup d\u2019\u00e9l\u00e9gance. On peut laisser faire la nature ou recourir \u00e0 des produits d\u2019entretien.<\/p>  <\/div><\/div>[\/vc_column][\/vc_row][vc_row bg_type=\u00a0\u00bbcolor\u00a0\u00bb padding_top=\u00a0\u00bb60px\u00a0\u00bb padding_bottom=\u00a0\u00bb60px\u00a0\u00bb font_color=\u00a0\u00bb#ffffff\u00a0\u00bb bg_color=\u00a0\u00bb#b6aea8&Prime;][vc_column width=\u00a0\u00bb1\/6&Prime; tablet_sm_width=\u00a0\u00bbhide\u00a0\u00bb mobile_width=\u00a0\u00bbhide\u00a0\u00bb css=\u00a0\u00bb.vc_custom_1447848909611{padding-right: 3% !important;}\u00a0\u00bb][\/vc_column][vc_column width=\u00a0\u00bb2\/3&Prime; tablet_sm_width=\u00a0\u00bb1&Prime;]<div class=\"eut-element eut-box-icon eut-align-left eut-medium\" style=\"\">  <div class=\"eut-wrapper-icon eut-no-shape eut-color-grey\"><i class=\"fa fa-recycle eut-color-white\"><\/i><\/div>  <div class=\"eut-box-content\">      <h5 class=\"eut-box-title\">Le platelage composite bois-polym\u00e8re<\/h5>    <p class=\"\">Pour la construction de terrasse bois, le syst\u00e8me utilis\u00e9 par SMG Am\u00e9nagement garantit un aspect et un toucher similaire au bois, compos\u00e9 \u00e0 75 % de fibres naturelles et \u00e0 25 % de polym\u00e8re et additifs haut de gamme.<br \/>\nAlliant le naturel du bois et la technologie polym\u00e8re innovante, ce produit est \u00e9cologique et recyclable et assure un r\u00e9sultat stable tout au long de l\u2019ann\u00e9e.<\/p>  <\/div><\/div>[\/vc_column][vc_column width=\u00a0\u00bb1\/6&Prime; tablet_sm_width=\u00a0\u00bbhide\u00a0\u00bb mobile_width=\u00a0\u00bbhide\u00a0\u00bb][\/vc_column][\/vc_row][vc_row bg_type=\u00a0\u00bbimage\u00a0\u00bb bg_image=\u00a0\u00bb6803&Prime; bg_image_type=\u00a0\u00bbparallax\u00a0\u00bb padding_top=\u00a0\u00bb100px\u00a0\u00bb padding_bottom=\u00a0\u00bb40px\u00a0\u00bb][vc_column tablet_sm_width=\u00a0\u00bb1&Prime; css=\u00a0\u00bb.vc_custom_1447848289583{padding-right: 5% !important;padding-left: 5% !important;}\u00a0\u00bb]<div class=\"eut-element eut-gallery eut-isotope eut-gallery-popup eut-with-gap\" style=\"\" data-columns=\"4\" data-columns-tablet-landscape=\"4\" data-columns-tablet-portrait=\"2\" data-columns-mobile=\"1\" data-layout=\"fitRows\">  <div class=\"eut-isotope-container\"><div class=\"eut-isotope-item \"><a href=\"https:\/\/www.smg-amenagement.fr\/2015\/wp-content\/uploads\/2016\/01\/nav_nos-realisations_terrasses-008.jpg\">    <figure class=\"eut-image-hover eut-zoom-in\">      <div class=\"eut-media eut-dark-overlay eut-opacity-70\"><img width=\"600\" height=\"600\" src=\"https:\/\/www.smg-amenagement.fr\/2015\/wp-content\/uploads\/2016\/01\/nav_nos-realisations_terrasses-008-600x600.jpg\" class=\"attachment-eut-image-small-square size-eut-image-small-square\" alt=\"Terrasse en Ip\u00e9, cabane de jardin en Douglas et ajout d&#039;une fen\u00eatre de toit\" srcset=\"https:\/\/www.smg-amenagement.fr\/2015\/wp-content\/uploads\/2016\/01\/nav_nos-realisations_terrasses-008-600x600.jpg 600w, https:\/\/www.smg-amenagement.fr\/2015\/wp-content\/uploads\/2016\/01\/nav_nos-realisations_terrasses-008-150x150.jpg 150w\" sizes=\"(max-width: 600px) 100vw, 600px\" \/>      <\/div>      <figcaption><h5 class=\"eut-title eut-dark\">Terrasse en Ip\u00e9<\/h5><span class=\"eut-caption eut-dark\">(travaux en cours)<\/span>      <\/figcaption>    <\/figure><\/a><\/div><div class=\"eut-isotope-item \"><a href=\"https:\/\/www.smg-amenagement.fr\/2015\/wp-content\/uploads\/2016\/01\/nav_nos-realisations_terrasses-009.jpg\">    <figure class=\"eut-image-hover eut-zoom-in\">      <div class=\"eut-media eut-dark-overlay eut-opacity-70\"><img width=\"600\" height=\"600\" src=\"https:\/\/www.smg-amenagement.fr\/2015\/wp-content\/uploads\/2016\/01\/nav_nos-realisations_terrasses-009-600x600.jpg\" class=\"attachment-eut-image-small-square size-eut-image-small-square\" alt=\"Terrasse en Ip\u00e9, cabane de jardin en Douglas et ajout d&#039;une fen\u00eatre de toit\" srcset=\"https:\/\/www.smg-amenagement.fr\/2015\/wp-content\/uploads\/2016\/01\/nav_nos-realisations_terrasses-009-600x600.jpg 600w, https:\/\/www.smg-amenagement.fr\/2015\/wp-content\/uploads\/2016\/01\/nav_nos-realisations_terrasses-009-150x150.jpg 150w\" sizes=\"(max-width: 600px) 100vw, 600px\" \/>      <\/div>      <figcaption><h5 class=\"eut-title eut-dark\">Terrasse en Ip\u00e9<\/h5><span class=\"eut-caption eut-dark\">(travaux en cours)<\/span>      <\/figcaption>    <\/figure><\/a><\/div><div class=\"eut-isotope-item \"><a href=\"https:\/\/www.smg-amenagement.fr\/2015\/wp-content\/uploads\/2016\/01\/nav_nos-realisations_terrasses-005.jpg\">    <figure class=\"eut-image-hover eut-zoom-in\">      <div class=\"eut-media eut-dark-overlay eut-opacity-70\"><img width=\"600\" height=\"600\" src=\"https:\/\/www.smg-amenagement.fr\/2015\/wp-content\/uploads\/2016\/01\/nav_nos-realisations_terrasses-005-600x600.jpg\" class=\"attachment-eut-image-small-square size-eut-image-small-square\" alt=\"Garde corps et platelage en ch\u00eane contre coll\u00e9\" srcset=\"https:\/\/www.smg-amenagement.fr\/2015\/wp-content\/uploads\/2016\/01\/nav_nos-realisations_terrasses-005-600x600.jpg 600w, https:\/\/www.smg-amenagement.fr\/2015\/wp-content\/uploads\/2016\/01\/nav_nos-realisations_terrasses-005-150x150.jpg 150w\" sizes=\"(max-width: 600px) 100vw, 600px\" \/>      <\/div>      <figcaption><h5 class=\"eut-title eut-dark\">Garde corps<\/h5>      <\/figcaption>    <\/figure><\/a><\/div><div class=\"eut-isotope-item \"><a href=\"https:\/\/www.smg-amenagement.fr\/2015\/wp-content\/uploads\/2016\/01\/nav_nos-realisations_terrasses-013.jpg\">    <figure class=\"eut-image-hover eut-zoom-in\">      <div class=\"eut-media eut-dark-overlay eut-opacity-70\"><img width=\"600\" height=\"600\" src=\"https:\/\/www.smg-amenagement.fr\/2015\/wp-content\/uploads\/2016\/01\/nav_nos-realisations_terrasses-013-600x600.jpg\" class=\"attachment-eut-image-small-square size-eut-image-small-square\" alt=\"Passerelle d&#039;acc\u00e8s \u00e0 la piscine\" srcset=\"https:\/\/www.smg-amenagement.fr\/2015\/wp-content\/uploads\/2016\/01\/nav_nos-realisations_terrasses-013-600x600.jpg 600w, https:\/\/www.smg-amenagement.fr\/2015\/wp-content\/uploads\/2016\/01\/nav_nos-realisations_terrasses-013-150x150.jpg 150w\" sizes=\"(max-width: 600px) 100vw, 600px\" \/>      <\/div>      <figcaption><h5 class=\"eut-title eut-dark\">Passerelle d&rsquo;acc\u00e8s piscine<\/h5><span class=\"eut-caption eut-dark\">(travaux en cours)<\/span>      <\/figcaption>    <\/figure><\/a><\/div>  <\/div><\/div>[\/vc_column][\/vc_row][vc_row padding_top=\u00a0\u00bb100px\u00a0\u00bb padding_bottom=\u00a0\u00bb100px\u00a0\u00bb][vc_column width=\u00a0\u00bb1\/3&Prime; tablet_sm_width=\u00a0\u00bb1&Prime; css=\u00a0\u00bb.vc_custom_1447852821380{padding-right: 5% !important;}\u00a0\u00bb]<h4 class=\"eut-element eut-align-right eut-title-line eut-animated-item eut-fadeInRight\" style=\"\" data-delay=\"200\"><span>SMG Am\u00e9nagement <small> c'est aussi...<\/small><\/span><\/h4>[\/vc_column][vc_column width=\u00a0\u00bb2\/3&Prime;]<h5 class=\"eut-element eut-align-left eut-title-no-line\" style=\"\"><span>La construction de passerelles<\/span><\/h5>[vc_column_text]L\u2019acc\u00e8s difficile ou d\u00e9sagr\u00e9able d\u2019une partie de votre terrain peut \u00eatre am\u00e9lior\u00e9 par la r\u00e9alisation d\u2019une passerelle afin d\u2019\u00e9viter des obstacles et de rendre un lieu plus accessible. La passerelle vous apportera un confort qui vous permettra d\u2019exploiter ces endroits souvent laiss\u00e9s \u00e0 l\u2019\u00e9cart.[\/vc_column_text]<h5 class=\"eut-element eut-align-left eut-title-no-line\" style=\"\"><span>La conception de pontons<\/span><\/h5>[vc_column_text]Un ponton vous sera utile pour traverser un plan d\u2019eau ou enjamber une zone mar\u00e9cageuse, permettant ainsi de ne pas nuire \u00e0 la faune et \u00e0 flore.\u00a0Cette plateforme vous servira de passage, d\u2019espace d\u00e9tente ou de coin p\u00eache.[\/vc_column_text][\/vc_column][\/vc_row][vc_row padding_bottom=\u00a0\u00bb40px\u00a0\u00bb][vc_column]<div class=\"eut-element eut-hr \" style=\"\"><div class=\"eut-line-divider\"><\/div><\/div>[vc_row_inner][vc_column_inner width=\u00a0\u00bb1\/4&Prime;][\/vc_column_inner][vc_column_inner width=\u00a0\u00bb1\/2&Prime; css=\u00a0\u00bb.vc_custom_1447786716302{padding-top: 20px !important;padding-bottom: 60px !important;}\u00a0\u00bb]<div class=\"eut-element eut-box-icon eut-align-center eut-medium\" style=\"\">  <div class=\"eut-wrapper-icon eut-no-shape eut-color-grey\"><i class=\"fa fa-pencil eut-color-primary-1\"><\/i><\/div>  <div class=\"eut-box-content\">    <p class=\"eut-leader-text\">SMG am\u00e9nagement con\u00e7oit votre projet avec vous pour une r\u00e9alisation \u00e0 la hauteur de vos attentes.<\/p>  <\/div><\/div><div class=\"eut-element eut-align-center eut-animated-item eut-fadeInUp\" data-delay=\"200\"><a class=\"eut-btn eut-btn-large eut-extra-round eut-black-color\" href=\"https:\/\/www.smg-amenagement.fr\/2015\/amenagement-interieur-et-exterieur\/\" target=\"_self\" style=\"\"><span>D\u00e9couvrez nos r\u00e9alisations<\/span><\/a><\/div>[\/vc_column_inner][vc_column_inner width=\u00a0\u00bb1\/4&Prime;][\/vc_column_inner][\/vc_row_inner][\/vc_column][\/vc_row][vc_row bg_type=\u00a0\u00bbcolor\u00a0\u00bb bg_color=\u00a0\u00bb#ee813c\u00a0\u00bb padding_top=\u00a0\u00bb60px\u00a0\u00bb padding_bottom=\u00a0\u00bb60px\u00a0\u00bb][vc_column width=\u00a0\u00bb2\/3&Prime;][vc_column_text text_style=\u00a0\u00bbleader-text\u00a0\u00bb]<\/p>\n<h4 style=\"color: #ffffff;\">Une id\u00e9e, un projet ?<\/h4>\n<p><span style=\"color: #000;\">Vous souhaitez plus d&rsquo;information sur la construction de terrasse bois ou terrasse couverte\u00a0? Vous envisagez la construction d&rsquo;un ponton ou d&rsquo;une passerelle ?<\/span>[\/vc_column_text][\/vc_column][vc_column width=\u00a0\u00bb1\/3&Prime;][vc_empty_space height=\u00a0\u00bb20px\u00a0\u00bb]<div class=\"eut-element eut-align-center eut-animated-item eut-fadeInLeft\" data-delay=\"200\"><a class=\"eut-btn eut-btn-large eut-extra-round eut-white-color\" href=\"https:\/\/www.smg-amenagement.fr\/2015\/amenagement-interieur-specifique\/\" target=\"_self\" style=\"\"><span>Contactez-nous<\/span><\/a><\/div>[\/vc_column][\/vc_row]<\/p>\n","protected":false},"excerpt":{"rendered":"<p>[vc_row heading_color=\u00a0\u00bblight\u00a0\u00bb section_type=\u00a0\u00bbfullwidth-element\u00a0\u00bb bg_type=\u00a0\u00bbcolor\u00a0\u00bb header_feature=\u00a0\u00bbyes\u00a0\u00bb flex_height=\u00a0\u00bbyes\u00a0\u00bb font_color=\u00a0\u00bb#b8b8b8&Prime; bg_color=\u00a0\u00bb#141414&Prime; margin_bottom=\u00a0\u00bb0&Prime;][vc_column width=\u00a0\u00bb1\/2&Prime; tablet_width=\u00a0\u00bb1-2&Prime; tablet_sm_width=\u00a0\u00bb1&Prime; css=\u00a0\u00bb.vc_custom_1447785662653{padding-top: 160px !important;padding-right: 8% !important;padding-bottom: 8% !important;padding-left: 8% !important;}\u00a0\u00bb][\/vc_column][vc_column width=\u00a0\u00bb1\/2&Prime; tablet_width=\u00a0\u00bb1-2&Prime; tablet_sm_width=\u00a0\u00bbhide\u00a0\u00bb mobile_width=\u00a0\u00bbhide\u00a0\u00bb css=\u00a0\u00bb.vc_custom_1447789317408{padding-top: 8% !important;padding-right: 8% !important;padding-bottom: 8% !important;padding-left: 8% !important;background-image: url(https:\/\/www.smg-amenagement.fr\/2015\/wp-content\/uploads\/2015\/10\/nav_nos-metiers_terrasses_block-bg-1.jpg?id=6777) !important;background-position: center !important;background-repeat: no-repeat !important;background-size: cover !important;}\u00a0\u00bb][\/vc_column][\/vc_row][vc_row padding_top=\u00a0\u00bb100px\u00a0\u00bb][vc_column width=\u00a0\u00bb1\/6&Prime;][\/vc_column][vc_column width=\u00a0\u00bb2\/3&Prime;][vc_column_text text_style=\u00a0\u00bbleader-text\u00a0\u00bb] La construction de terrasse bois\u00a0est\u00a0fond\u00e9e sur trois facteurs que [&hellip;]<\/p>\n","protected":false},"author":2,"featured_media":0,"parent":0,"menu_order":0,"comment_status":"closed","ping_status":"closed","template":"","meta":[],"yoast_head":"<!-- This site is optimized with the Yoast SEO plugin v17.1 - https:\/\/yoast.com\/wordpress\/plugins\/seo\/ -->\n<title>La construction de terrasse bois en alsace, par SMG Am\u00e9nagement<\/title>\n<meta name=\"description\" content=\"Vous cherchez une entreprise pour\u00a0la construction de terrasse bois ? D\u00e9couvrez SMG Am\u00e9nagement (Alsace) : terrasses, pontons et passerelles en ext\u00e9rieur...\" \/>\n<meta name=\"robots\" content=\"index, follow, max-snippet:-1, max-image-preview:large, max-video-preview:-1\" \/>\n<link rel=\"canonical\" href=\"https:\/\/www.smg-amenagement.fr\/2015\/construction-de-terrasse-bois\/\" \/>\n<meta property=\"og:locale\" content=\"fr_FR\" \/>\n<meta property=\"og:type\" content=\"article\" \/>\n<meta property=\"og:title\" content=\"La construction de terrasse bois en alsace, par SMG Am\u00e9nagement\" \/>\n<meta property=\"og:description\" content=\"Vous cherchez une entreprise pour\u00a0la construction de terrasse bois ? D\u00e9couvrez SMG Am\u00e9nagement (Alsace) : terrasses, pontons et passerelles en ext\u00e9rieur...\" \/>\n<meta property=\"og:url\" content=\"https:\/\/www.smg-amenagement.fr\/2015\/construction-de-terrasse-bois\/\" \/>\n<meta property=\"og:site_name\" content=\"SMG Am\u00e9nagement sp\u00e9cifique\" \/>\n<meta property=\"article:publisher\" content=\"https:\/\/www.facebook.com\/smgamenagement.fr\/\" \/>\n<meta property=\"article:modified_time\" content=\"2021-09-03T06:53:12+00:00\" \/>\n<meta name=\"twitter:card\" content=\"summary\" \/>\n<meta name=\"twitter:label1\" content=\"Dur\u00e9e de lecture est.\" \/>\n\t<meta name=\"twitter:data1\" content=\"5 minutes\" \/>\n<script type=\"application\/ld+json\" class=\"yoast-schema-graph\">{\"@context\":\"https:\/\/schema.org\",\"@graph\":[{\"@type\":\"WebSite\",\"@id\":\"https:\/\/www.smg-amenagement.fr\/2015\/#website\",\"url\":\"https:\/\/www.smg-amenagement.fr\/2015\/\",\"name\":\"SMG Am\\u00e9nagement sp\\u00e9cifique\",\"description\":\"\",\"potentialAction\":[{\"@type\":\"SearchAction\",\"target\":{\"@type\":\"EntryPoint\",\"urlTemplate\":\"https:\/\/www.smg-amenagement.fr\/2015\/?s={search_term_string}\"},\"query-input\":\"required name=search_term_string\"}],\"inLanguage\":\"fr-FR\"},{\"@type\":\"WebPage\",\"@id\":\"https:\/\/www.smg-amenagement.fr\/2015\/construction-de-terrasse-bois\/#webpage\",\"url\":\"https:\/\/www.smg-amenagement.fr\/2015\/construction-de-terrasse-bois\/\",\"name\":\"La construction de terrasse bois en alsace, par SMG Am\\u00e9nagement\",\"isPartOf\":{\"@id\":\"https:\/\/www.smg-amenagement.fr\/2015\/#website\"},\"datePublished\":\"2015-10-28T19:56:34+00:00\",\"dateModified\":\"2021-09-03T06:53:12+00:00\",\"description\":\"Vous cherchez une entreprise pour\\u00a0la construction de terrasse bois ? D\\u00e9couvrez SMG Am\\u00e9nagement (Alsace) : terrasses, pontons et passerelles en ext\\u00e9rieur...\",\"breadcrumb\":{\"@id\":\"https:\/\/www.smg-amenagement.fr\/2015\/construction-de-terrasse-bois\/#breadcrumb\"},\"inLanguage\":\"fr-FR\",\"potentialAction\":[{\"@type\":\"ReadAction\",\"target\":[\"https:\/\/www.smg-amenagement.fr\/2015\/construction-de-terrasse-bois\/\"]}]},{\"@type\":\"BreadcrumbList\",\"@id\":\"https:\/\/www.smg-amenagement.fr\/2015\/construction-de-terrasse-bois\/#breadcrumb\",\"itemListElement\":[{\"@type\":\"ListItem\",\"position\":1,\"name\":\"Terrasses bois \/ couvertes, pontons &#038; passerelles\"}]}]}<\/script>\n<!-- \/ Yoast SEO plugin. -->","yoast_head_json":{"title":"La construction de terrasse bois en alsace, par SMG Am\u00e9nagement","description":"Vous cherchez une entreprise pour\u00a0la construction de terrasse bois ? D\u00e9couvrez SMG Am\u00e9nagement (Alsace) : terrasses, pontons et passerelles en ext\u00e9rieur...","robots":{"index":"index","follow":"follow","max-snippet":"max-snippet:-1","max-image-preview":"max-image-preview:large","max-video-preview":"max-video-preview:-1"},"canonical":"https:\/\/www.smg-amenagement.fr\/2015\/construction-de-terrasse-bois\/","og_locale":"fr_FR","og_type":"article","og_title":"La construction de terrasse bois en alsace, par SMG Am\u00e9nagement","og_description":"Vous cherchez une entreprise pour\u00a0la construction de terrasse bois ? D\u00e9couvrez SMG Am\u00e9nagement (Alsace) : terrasses, pontons et passerelles en ext\u00e9rieur...","og_url":"https:\/\/www.smg-amenagement.fr\/2015\/construction-de-terrasse-bois\/","og_site_name":"SMG Am\u00e9nagement sp\u00e9cifique","article_publisher":"https:\/\/www.facebook.com\/smgamenagement.fr\/","article_modified_time":"2021-09-03T06:53:12+00:00","twitter_card":"summary","twitter_misc":{"Dur\u00e9e de lecture est.":"5 minutes"},"schema":{"@context":"https:\/\/schema.org","@graph":[{"@type":"WebSite","@id":"https:\/\/www.smg-amenagement.fr\/2015\/#website","url":"https:\/\/www.smg-amenagement.fr\/2015\/","name":"SMG Am\u00e9nagement sp\u00e9cifique","description":"","potentialAction":[{"@type":"SearchAction","target":{"@type":"EntryPoint","urlTemplate":"https:\/\/www.smg-amenagement.fr\/2015\/?s={search_term_string}"},"query-input":"required name=search_term_string"}],"inLanguage":"fr-FR"},{"@type":"WebPage","@id":"https:\/\/www.smg-amenagement.fr\/2015\/construction-de-terrasse-bois\/#webpage","url":"https:\/\/www.smg-amenagement.fr\/2015\/construction-de-terrasse-bois\/","name":"La construction de terrasse bois en alsace, par SMG Am\u00e9nagement","isPartOf":{"@id":"https:\/\/www.smg-amenagement.fr\/2015\/#website"},"datePublished":"2015-10-28T19:56:34+00:00","dateModified":"2021-09-03T06:53:12+00:00","description":"Vous cherchez une entreprise pour\u00a0la construction de terrasse bois ? D\u00e9couvrez SMG Am\u00e9nagement (Alsace) : terrasses, pontons et passerelles en ext\u00e9rieur...","breadcrumb":{"@id":"https:\/\/www.smg-amenagement.fr\/2015\/construction-de-terrasse-bois\/#breadcrumb"},"inLanguage":"fr-FR","potentialAction":[{"@type":"ReadAction","target":["https:\/\/www.smg-amenagement.fr\/2015\/construction-de-terrasse-bois\/"]}]},{"@type":"BreadcrumbList","@id":"https:\/\/www.smg-amenagement.fr\/2015\/construction-de-terrasse-bois\/#breadcrumb","itemListElement":[{"@type":"ListItem","position":1,"name":"Terrasses bois \/ couvertes, pontons &#038; passerelles"}]}]}},"_links":{"self":[{"href":"https:\/\/www.smg-amenagement.fr\/2015\/wp-json\/wp\/v2\/pages\/6517"}],"collection":[{"href":"https:\/\/www.smg-amenagement.fr\/2015\/wp-json\/wp\/v2\/pages"}],"about":[{"href":"https:\/\/www.smg-amenagement.fr\/2015\/wp-json\/wp\/v2\/types\/page"}],"author":[{"embeddable":true,"href":"https:\/\/www.smg-amenagement.fr\/2015\/wp-json\/wp\/v2\/users\/2"}],"replies":[{"embeddable":true,"href":"https:\/\/www.smg-amenagement.fr\/2015\/wp-json\/wp\/v2\/comments?post=6517"}],"version-history":[{"count":0,"href":"https:\/\/www.smg-amenagement.fr\/2015\/wp-json\/wp\/v2\/pages\/6517\/revisions"}],"wp:attachment":[{"href":"https:\/\/www.smg-amenagement.fr\/2015\/wp-json\/wp\/v2\/media?parent=6517"}],"curies":[{"name":"wp","href":"https:\/\/api.w.org\/{rel}","templated":true}]}}